ors of d.
3
Let x = 806 + 407. What are the prime factors of x?
1213
Let z = 2868 + -1659. List the prime factors of z.
3, 13, 31
Let z = 1 + 3. Let f be 30/z*12/(-18). List the prime factors of f/(-2)*126/15.
3, 7
Let v = 723 + 61. What are the prime factors of v?
2, 7
Suppose 74 = -s - 5*g, s - 2*g - 222 = 4*s. Let m = 30 - s. List the prime factors of m.
2, 13
Suppose 2*f = 0, 2*a = 7*a - f - 505. What are the prime factors of 19 + -19 + a + 1?
2, 3, 17
Let g(q) = -q**3 + 4*q**2 - 7. Let i be g(3). Suppose 3*c = -4*o + 66, -5*c + i*o + 70 + 14 = 0. What are the prime factors of c?
2, 3
Let m(n) = 2*n - 9. Suppose -9*j + 6*j = -18. Let d be m(j). Suppose 2*o - 58 = -3*f, -5*o + d*f = 6*f - 127. What are the prime factors of o?
23
Let w = -40 - -42. List the prime factors of (-14)/((w/12)/((-8)/32)).
3, 7
Suppose 32*r = -4*n + 33*r + 11421, -3*n + 8561 = 4*r. List the prime factors of n.
5, 571
Suppose -5*y - y + 5760 = 0. Suppose -73*x + 78*x = y. What are the prime factors of x?
2, 3
Suppose -2385 = -23*k + 1203. What are the prime factors of k?
2, 3, 13
Suppose 4*a + 577 = 85. Let n = a + 317. What are the prime factors of n?
2, 97
Let a = 56 + -63. Let u(p) = -2*p**3 - 10*p**2 + 4*p + 4. What are the prime factors of u(a)?
2, 43
Let c(x) = 177*x**2 - 9*x + 12. What are the prime factors of c(2)?
2, 3, 13
Suppose 53*t - 57*t + 1456 = -2*j, 0 = 4*j. What are the prime factors of t?
2, 7, 13
Let k(v) = 41*v**2 + 51*v + 60. What are the prime factors of k(-12)?
2, 3, 223
Let z = 88 + -53. Let m = 90 - z. What are the prime factors of m?
5, 11
Let l(c) = -12*c + 3. Let n(m) = 12*m - 2. Let d(v) = 3*l(v) + 4*n(v). Let a be -4*(-2)/4*(-1)/(-2). List the prime factors of d(a).
13
Let c(v) = -2*v - 14. Let f be c(-11). Suppose -48*x + f = -47*x. List the prime factors of x.
2
Suppose 0 = -115*g + 104*g + 22440. List the prime factors of g.
2, 3, 5, 17
Let t = -5 - -77. Let c = t + -39. List the prime factors of c.
3, 11
Let i(g) = g**3 + 10*g**2 + 8*g - 5. Let u be i(-9). Suppose -188 = -3*t + u. What are the prime factors of t?
2
List the prime factors of (-12020)/(-50) + 4/(-10).
2, 3, 5
Let k(o) = o**3 - 2*o**2 - 12*o - 63. Let m be k(0). Let x be (-6)/(-4) + 3/(-6). List the prime factors of (m/(-18))/(x/2).
7
Suppose 3*v + 3*g - 9544 = -1450, v = -5*g + 2690. List the prime factors of v.
2, 3, 5
Let f = -14 + 9. Let i = -1 - f. Suppose 2*l - i*h = 12, 3*h + 3 = l - 0. What are the prime factors of l?
2, 3
Let x = -10 + 17. Suppose 9*z - x*z = 42. Let d = 43 - z. What are the prime factors of d?
2, 11
Let r = 3360 + -1267. What are the prime factors of r?
7, 13, 23
Let a(b) be the third derivative of 3*b**6/40 + b**5/15 + b**4/12 - b**3/3 + 6*b**2. What are the prime factors of a(2)?
2, 3, 5
Let y = -106 - -82. Let z = 49 + y. List the prime factors of z.
5
Let p = 9 + -6. Let q be p*((-8)/12 + -2). Let d = 17 + q. List the prime factors of d.
3
Let a be 8/(-44) + (-4)/(-22). Suppose -5*b + 4*b - 19 = a. Let n = b + 47. List the prime factors of n.
2, 7
Suppose 1 = -l - 108. Let m = -9 - l. What are the prime factors of m?
2, 5
Let d(b) = 56*b - 66. What are the prime factors of d(3)?
2, 3, 17
Suppose -3*q + 6442 = -2*i + i, -5*q = -5*i - 10730. What are the prime factors of q?
2, 3, 179
Let l = -5 - -8. Suppose 0*q = -l*q. Suppose 0 = -q*s + 4*s - 124. What are the prime factors of s?
31
Let c = -3 - -30. Let u = -25 + c. Suppose 0 = 5*g + 5*h, -u*h - 8 = -0*g - 2*g. What are the prime factors of g?
2
Suppose -160 = -2*f + 5*j, -97 = -3*f - j + 126. What are the prime factors of f?
3, 5
Suppose 240 = -11*q + 19*q. Let f be (-4)/10*(-10)/2. Suppose -f*b - 8 + q = 0. List the prime factors of b.
11
What are the prime factors of 12/(-3)*((-1404)/8 + -3)?
2, 3, 7, 17
Let o(k) = -k**2 - 26*k - 12. Let x be o(-14). Suppose 0 = 2*j - 4*z - 42, 15 + 34 = 4*j - z. Suppose -j*s = -7*s - x. What are the prime factors of s?
3, 13
Suppose -12 = 2*r - 16. Suppose a + 3*b - 120 = 0, -r*a - 2*a - 2*b + 500 = 0. Suppose -2*q + a = 4*q. What are the prime factors of q?
3, 7
Let v(d) be the first derivative of d**4/4 + 10*d**3/3 + 5*d**2/2 - 9*d + 34. What are the prime factors of v(-7)?
103
Suppose w + 5*u = 44, 3*w + 47 = 6*w - 2*u. Let i(m) = m**3 + m**2 + 2. Let b be i(0). Let a = w - b. What are the prime factors of a?
17
Let l = 64 + -61. Let d(t) = 35*t - 14. What are the prime factors of d(l)?
7, 13
What are the prime factors of ((-100)/(-6))/((225/(-162))/(-25))?
2, 3, 5
Let o = 944 - 542. List the prime factors of o.
2, 3, 67
Suppose v - 1 = -u + 1, 6 = 3*u - 3*v. Suppose 0 = -5*x - u*h + 40 + 6, 30 = 3*x + 2*h. What are the prime factors of x?
2
Let d(u) = 2*u + 9. Let g be d(-12). Let f = g - -20. Suppose f*s + 71 = 251. List the prime factors of s.
2, 3
Let i = 112 + -5. Suppose -i = -2*m + 205. Suppose 0 = 6*r - 276 - m. List the prime factors of r.
2, 3
Let a = 103 + -26. Suppose 308 = 4*f - 2*b, -f - 2*b - 3*b = -a. List the prime factors of f.
7, 11
List the prime factors of (172/(-5))/((-3)/60*4).
2, 43
Suppose -3*r - 109 = -694. Let m = 135 - r. What are the prime factors of (-2 + 0 + m)/(-2)?
31
Suppose 0*p = -4*p + 16. List the prime factors of 210/8 + (-1)/p.
2, 13
What are the prime factors of (-72885)/(-55) + (-4)/44*2?
5, 53
Let s = 53 + -22. Suppose 4*z - s = 25. What are the prime factors of z?
2, 7
Let a(u) = -2*u**3 + 2*u**2 - 12*u - 5. List the prime factors of a(-8).
11, 113
Let j(k) = k**2 + 8*k - 18. Let l be 2/(-10) - 304/(-20). Let v = l - 28. List the prime factors of j(v).
47
Let n(a) = -4*a - 14. Let p be (-4)/(-14) + 2720/(-112). What are the prime factors of n(p)?
2, 41
Let w(d) = 8*d**2 + 10*d - 72. What are the prime factors of w(9)?
2, 3, 37
Let i(f) = 2*f - 1. Suppose 0 = -0*t + t, j = 5*t + 3. Let o be i(j). Suppose 3*x = o*x - 92. List the prime factors of x.
2, 23
Suppose 5693 = 78*l - 51481. List the prime factors of l.
733
Suppose 3*d - 6*c = -2*c - 2, -2*d = -3*c + 2. Suppose 5*z + d*l - 46 = -2, 5*z - 2*l - 36 = 0. List the prime factors of z.
2
Suppose 2*i + 5*x = 1475, -4*i = 2*x + x - 2957. Suppose -4*m - i = m. List the prime factors of (3 - 1)/((-8)/m).
37
Suppose 0*o - 5*h = 5*o - 20, -5*o + 14 = -h. Suppose -7*p = -o*p - 288. List the prime factors of p.
2, 3
Suppose 2 = -2*a, -3*n + 3*a = n - 595. Suppose 5*i - b - n = 0, -5*i - 3*b + 0*b + 156 = 0. What are the prime factors of i?
2, 3, 5
Suppose -n = 3*n - 8. Let k = -5 + n. What are the prime factors of -3 - (0 + 51/k)?
2, 7
Let n be 0/(3/(-2)*14/21). Let s be (-1)/2 + 18/(-4). Let b = n - s. What are the prime factors of b?
5
Suppose 5*y - 2407 = 1128. What are the prime factors of y?
7, 101
Suppose 0 = 6*i - 2*i + 4. Let q be (0 + -4)/(-3 - i). Suppose q*y - 7*y + 105 = 0. What are the prime factors of y?
3, 7
Let d = -497 - -729. List the prime factors of d.
2, 29
Suppose 5586 = 4*l + 2*y, -7*y = -3*l - 10*y + 4191. What are the prime factors of l?
2, 349
Let l be (25 - 30) + (42 - (-4)/2). Let h(r) = -r**3 - 4*r**2 - 3*r + 2. Let z be h(-3). List the prime factors of 0 + z*l + -3.
3, 5
What are the prime factors of (-14)/(97/33 + -3)?
3, 7, 11
Let q(f) = f**2 + 8*f - 3. Let z be q(-9). Suppose 2*v = 5*d + 17, -4*v + 3*d = -3*v - z. What are the prime factors of v?
3, 7
Let z(q) be the first derivative of 7*q**2/2 - 27*q - 6. Let a be z(12). Suppose -w - a = -4*w. What are the prime factors of w?
19
List the prime factors of (-12)/(-18)*(2507 - -1).
2, 11, 19
Let l(r) = r**3 + 4*r**2 - 5*r - 1. Let f be l(-5). Let m(t) = 9*t - 1. Let i(v) = 28*v - 3. Let k(w) = -6*i(w) + 17*m(w). List the prime factors of k(f).
2
Let w = -17 - -52. Let r = w - 22. Suppose r*j - 10*j = 108. What are the prime factors of j?
2, 3
Let i = -1779 - -6842. What are the prime factors of i?
61, 83
Suppose -52 = h - 66. Let d = -11 + 39. Suppose 0 = -2*w + d - h. What are the prime factors of w?
7
Let q(m) = 17*m**2 + 4*m + 4. Let h be q(-2). Let k be 1/4 + (-1552)/h. Let c = 29 - k. List the prime factors of c.
53
Let s be 852/30 - (-2)/(-5). What are the prime factors of (-7)/(s/(-16)) - 0?
2
Suppose 4*x = 3*x - 18. List the prime factors of 236/(-6)*x/12 - 1.
2, 29
Let r(n) = n**3 + 4*n**2 + 5. Let s be r(-4). Suppose -7*l = -5*l - 10. Suppose -4*h = -m - s, h - 5*h